{"id":1128,"date":"2022-11-08T10:48:54","date_gmt":"2022-11-08T10:48:54","guid":{"rendered":"https:\/\/kervaninterior.com.tr\/?post_type=portfolio&#038;p=1128"},"modified":"2022-11-11T14:29:01","modified_gmt":"2022-11-11T14:29:01","slug":"parker","status":"publish","type":"portfolio","link":"https:\/\/kervaninterior.com.tr\/en\/portfolio\/parker\/","title":{"rendered":"Parker"},"content":{"rendered":"<p>Yumu\u015fak hatlar\u0131, rahatlatan soft tonlar\u0131 ile Parker Koleksiyonu;  rahatlat\u0131c\u0131 etkisinin yan\u0131 s\u0131ra konforuyla da dikkat \u00e7eken bir koleksiyon\u2026  G\u00fcrgen a\u011fac\u0131 kullan\u0131lm\u0131\u015f koleksiyon, yenilik\u00e7i \u00e7izgileri ile mekanlara derinlik etkisi katacak, \u015f\u0131k ve modern bir alternatif.<\/p>\n","protected":false},"excerpt":{"rendered":"<p>Yumu\u015fak hatlar\u0131, rahatlatan soft tonlar\u0131 ile Parker Koleksiyonu;  rahatlat\u0131c\u0131 etkisinin yan\u0131 s\u0131ra konforuyla da dikkat \u00e7eken bir koleksiyon\u2026  G\u00fcrgen a\u011fac\u0131 kullan\u0131lm\u0131\u015f koleksiyon, yenilik\u00e7i \u00e7izgileri ile mekanlara derinlik etkisi katacak, \u015f\u0131k ve modern bir alternatif.<\/p>\n","protected":false},"author":1,"featured_media":1155,"menu_order":9,"comment_status":"open","ping_status":"open","template":"","portfolio_category":[],"portfolio_tag":[],"acf":[],"_links":{"self":[{"href":"https:\/\/kervaninterior.com.tr\/en\/wp-json\/wp\/v2\/portfolio\/1128"}],"collection":[{"href":"https:\/\/kervaninterior.com.tr\/en\/wp-json\/wp\/v2\/portfolio"}],"about":[{"href":"https:\/\/kervaninterior.com.tr\/en\/wp-json\/wp\/v2\/types\/portfolio"}],"author":[{"embeddable":true,"href":"https:\/\/kervaninterior.com.tr\/en\/wp-json\/wp\/v2\/users\/1"}],"replies":[{"embeddable":true,"href":"https:\/\/kervaninterior.com.tr\/en\/wp-json\/wp\/v2\/comments?post=1128"}],"version-history":[{"count":1,"href":"https:\/\/kervaninterior.com.tr\/en\/wp-json\/wp\/v2\/portfolio\/1128\/revisions"}],"predecessor-version":[{"id":1129,"href":"https:\/\/kervaninterior.com.tr\/en\/wp-json\/wp\/v2\/portfolio\/1128\/revisions\/1129"}],"wp:featuredmedia":[{"embeddable":true,"href":"https:\/\/kervaninterior.com.tr\/en\/wp-json\/wp\/v2\/media\/1155"}],"wp:attachment":[{"href":"https:\/\/kervaninterior.com.tr\/en\/wp-json\/wp\/v2\/media?parent=1128"}],"wp:term":[{"taxonomy":"portfolio_category","embeddable":true,"href":"https:\/\/kervaninterior.com.tr\/en\/wp-json\/wp\/v2\/portfolio_category?post=1128"},{"taxonomy":"portfolio_tag","embeddable":true,"href":"https:\/\/kervaninterior.com.tr\/en\/wp-json\/wp\/v2\/portfolio_tag?post=1128"}],"curies":[{"name":"wp","href":"https:\/\/api.w.org\/{rel}","templated":true}]}}

<p>Yumuşak hatları, rahatlatan soft tonları ile Parker Koleksiyonu;  rahatlatıcı etkisinin yanı sıra konforuyla da dikkat çeken bir koleksiyon…  Gürgen ağacı kullanılmış koleksiyon, yenilikçi çizgileri ile mekanlara derinlik etkisi katacak, şık ve modern bir alternatif.</p>
